4*m - 7*c + 48 = -3*c. Let f be (-21)/m - 2/(-3). Suppose -49 = -f*d + 143. What is the tens digit of d?
6
Let q(r) = r**2 + 9*r - 146. Let h be ((-16)/6)/(-4) - (-200)/6. What is the thousands digit of q(h)?
1
Suppose -7*s + 23017 = -6*s + 2*k, 16 = 2*k. What is the tens digit of s?
0
Let g(a) = 11*a**2 - 45*a + 294. Let z be (4/(-12))/(16/(-432)). What is the units digit of g(z)?
0
Let k = 13 + 12. Let p be (-10)/k*-5 + -147. Let a = 323 + p. What is the hundreds digit of a?
1
Suppose -3*u + i = -13, u + i = -0 + 7. Suppose -6*d = -2*z - 3*d + 584, 0 = u*z - 4*d - 1474. Let q = z - 153. What is the hundreds digit of q?
1
Let j(x) be the first derivative of x**3/3 + x**2 - 9*x - 7. Let p be j(6). Let v = -27 + p. What is the tens digit of v?
1
Let h(k) = 51*k**2 + 120*k + 323. What is the thousands digit of h(-19)?
6
Let q be (-2)/(1/(-17*2)). Let n = 56 - q. Let l(b) = b**2 + 7*b + 6. What is the tens digit of l(n)?
6
Let m(s) = -14*s**3 - 20*s**2 - 259*s - 7. What is the units digit of m(-12)?
3
Let c be ((-182)/39)/(4/6). What is the hundreds digit of 40/(-12)*(5922/15)/c?
1
Suppose -2*s - 3*x - 2*x + 21 = 0, 2*s + 4*x = 18. Let b be (s - -17)/(2/1). What is the units digit of ((-44)/b + 4)*-240?
6
Suppose 4*r - 316 = -2*p, r = p + 67 + 6. Suppose -54 = j + j. Let s = r + j. What is the units digit of s?
0
Let j be -5*(-1 + 4/20). Suppose -24 = -j*t + 8. Suppose -f - 20 = 3*h - t*h, 4*h - 5*f - 16 = 0. What is the units digit of h?
4
What is the hundreds digit of ((-12)/(-16))/((-10)/80) + 13781 + 1?
7
Let x(u) = -20 - 14 - u**2 - 12*u + 23. Let l be x(-7). What is the units digit of -2*(-58)/(-8)*(18 - l)?
7
Let f = -2 + 8. Suppose y + 2*s = 169, -f*y - 5*s = -3*y - 509. What is the tens digit of y?
7
Suppose -106*g + 3277823 = 450485. What is the ten thousands digit of g?
2
Suppose -3040 = -l - f + 932, -5*l + 3*f = -19884. What is the thousands digit of l?
3
Suppose 124*l - 1669509 = 959911. What is the ten thousands digit of l?
2
What is the units digit of (-20)/8990*-29 - 2356616/(-62)?
0
What is the thousands digit of (-10626)/(-10) + (-574)/(-1435)?
1
Let a = -483 + 3813. Suppose 32*o - 38*o = -a. What is the units digit of o?
5
Let m(k) = 9*k**2 - 21*k - 5633. What is the ten thousands digit of m(-72)?
4
Let y(q) = 1125*q**3 - 4*q**2 + 11*q - 14. What is the hundreds digit of y(3)?
3
Suppose 0 = -328*k + 1887372 - 466476. What is the thousands digit of k?
4
Let x be 10/(-3 - (-742)/246). Suppose 4*u = 4*f - 8*f, 0 = 4*f - 3*u - 14. What is the hundreds digit of f*(x/10 - 3)?
1
Let f = 9345 + 4778. What is the tens digit of f?
2
Let v be -10 + (-116)/(-8) - (-2)/4. Suppose 0 = 3*g - v*p - 2529, -3*p + 819 = 2*g - 848. What is the units digit of g?
8
Let w be 10/30*(3 - 3). Suppose 3*z + 19 = 55. Suppose 5*y - z - 8 = w, 210 = 2*s + 2*y. What is the units digit of s?
1
What is the units digit of (-595031)/(-515) - 16/(-10)?
7
Suppose -114 = 151*w - 155*w - 5*x, 0 = 5*w - 5*x - 75. What is the tens digit of w?
2
Suppose -t + 12 = -2*s, -11 = -4*t + 3*s + 17. Suppose t*g - 25 = 1423. What is the hundreds digit of g?
3
Let q = 242 + 78. Suppose -2*p + 210 = -5*v + 80, 5*v = -4*p + q. What is the units digit of ((-42)/15)/((-5)/p)?
2
Suppose 27*z - 362 + 254 = 0. Suppose 2*l + 7 = -3*b - 9, -l = 2*b + 12. What is the tens digit of 90 - (19/z - (-6)/b)?
8
Let r(x) = -29*x - 479. Let s be r(28). Let i = 2462 + s. What is the units digit of i?
1
Let b(x) = -2*x**2 + 53*x - 48. Let q be b(14). Let z = q + 903. What is the tens digit of z?
0
Suppose -5*h - 365 = -2*q, -275 = 6*h - 2*h - 5*q. What is the units digit of (-9)/15 - 13170/h?
5
Suppose 2*u - 3*m - 9272 = 0, 2088*u = 2091*u + m - 13875. What is the tens digit of u?
2
Let b be (5/4)/(7/28). Suppose -8*d = b*i - 5*d + 334, 5*i + 5*d = -340. Let f = i - -108. What is the units digit of f?
3
Suppose b - 12 = -33. Let p = -16 - b. Suppose -p*h + 134 = -3*h. What is the units digit of h?
7
Suppose -33*c + 35*c - 98590 = w, -5*c = 2*w - 246448. What is the ten thousands digit of c?
4
Suppose -2*f + 5*a - 3*a = -3112, 2*a = -5*f + 7794. Let j = f + -257. What is the units digit of j?
1
Suppose -j = 28 - 21, 2*y + 3*j - 61603 = 0. What is the units digit of y?
2
Suppose 0 = 6*m - 380 + 50. Let p = 7 - 5. Suppose -3*n + h = -193, -2*n + n - p*h + m = 0. What is the units digit of n?
3
Let d(y) = -117*y - 23. Let z be d(-8). Suppose 0 = -r - 5, -5*u - r - 318 = -z. Suppose 0 + u = 3*p. What is the units digit of p?
0
Let z(j) = -1968*j**3 + j - 1. Let v be z(1). What is the units digit of (-1 - -2)/((-12)/v)?
4
Suppose -12*g = -9*g - 26667. Suppose 7*s + 1063 - g = 0. What is the units digit of s?
8
Let u = -59 + 63. Suppose -u*f + 1180 = f - 2*w, -4*w = 20. What is the units digit of f?
4
Let o(g) = -971*g**3 + 17*g**2 - 23*g + 8. Let s(m) = -324*m**3 + 6*m**2 - 8*m + 3. Let a(p) = 6*o(p) - 17*s(p). What is the hundreds digit of a(-1)?
3
Suppose 66*x - 55*x - 203492 + 39955 = 0. What is the thousands digit of x?
4
Suppose -154*b + 2049077 = -1685269. What is the units digit of b?
9
Let j = -6578 - -6575. Let g(u) be the third derivative of -u**4/8 - 7*u**3/6 + u**2. What is the units digit of g(j)?
2
Let x(k) = -6435*k - 2292. What is the tens digit of x(-9)?
2
Let c = -97 - -122. Suppose 0 = 3*d + 5*w + 25, 5*d - 7*w - c = -2*w. Let x(p) = p**3 + 2*p**2 - p + 111. What is the tens digit of x(d)?
1
Suppose y + 5*v = -35, 5*y + 0*v - 2*v + 40 = 0. Let x be 84*(5/y)/(1/(-2)). What is the tens digit of ((-9)/(-12) + 4/16)*x?
8
Let m(g) = -g**3 - g**2 + 5. Let r be 20/10 - (-4)/(-2). Let i be m(r). Suppose i*n + 3*x - 22 = 82, 90 = 4*n - x. What is the units digit of n?
2
Suppose -w = -620 - 145. Let y(t) = t**3 + 20*t**2 - 188*t + 29. Let x be y(-27). What is the hundreds digit of (w/6 - x)*2/1?
2
Let f be 2 + -3 + 2 + 3. Suppose -f*w + 1623 = 3*m - 4169, m = 0. What is the tens digit of ((-6)/(-24))/(2/w)?
8
Let v be -298 - 12/9*(0 + 3). Let j = -132 - v. What is the tens digit of j?
7
Suppose -4*l + 3*i = -1, 2*i + 0 = -2*l + 18. Suppose -l*d - 302 = -5*s, -3*s + 0*d + 196 = 5*d. Let g = -44 + s. What is the tens digit of g?
1
Let s(j) = -j**2 - 14*j + 9. Let a be s(-17). Suppose 2*i = -3*w - 352, 0 = 2*i + 1 + 3. Let r = a - w. What is the units digit of r?
4
Let u = 2786 + 9631. What is the ten thousands digit of u?
1
Let k(q) = 3*q**2 + 6*q - 8 - q**3 + 2*q - 4*q. Let r be k(3). Suppose 240 = w + r*w. What is the tens digit of w?
4
Let w be (-1040)/(-4) - -5 - (-3 + 1). Let t = 755 - w. What is the hundreds digit of t?
4
Let z = -3909 + 3936. What is the units digit of z?
7
Let s be 9/21*14/2. Suppose s*h + 43 = -17. What is the tens digit of h/(1 - 52/44)?
1
Suppose -13*q + 34320 = -9568. What is the tens digit of q?
7
Let t = 102382 - 66996. What is the thousands digit of t?
5
Let b(x) = -x**3 - 5*x**2 - x - 1. Let i be b(-5). Let o be (1 - 2476/(-16)) + (-1)/(-4). Suppose 116 = i*k - o. What is the units digit of k?
8
Suppose 63*x - 1171510 = -409714. What is the tens digit of x?
9
Let z(l) = -18*l + 11. Let r be z(6). Let g be 50/20*1074/15. Let b = r + g. What is the units digit of b?
2
What is the thousands digit of 28/(-644) - (-577485)/23?
5
Let f(n) = 10*n + 74. Let m be f(-7). What is the hundreds digit of m - (-672)/6 - 5?
1
Suppose -3*p = 2*c - 340, -36 = 2*p - 3*c - 280. Let k = -85 + p. Let u = -6 + k. What is the units digit of u?
5
Let g = -956 + 1782. What is the hundreds digit of g?
8
Let h = 13020 - -4334. What is the ten thousands digit of h?
1
Let d(h) = -4*h**2 - 32*h - 58. Let w(q) = -5*q**2 - 32*q - 60. Let i(k) = -6*d(k) + 5*w(k). What is the tens digit of i(26)?
0
Let z(m) = -m**2 + 14*m - 7. Let o be z(13). Suppose 2*n = -n + o. What is the units digit of ((-19)/n)/((-1)/2)?
9
Let l(t) = 2*t**2 + 40*t + 361. Let c(q) = -q**2 - 13*q - 121. Let p(w) = -11*c(w) - 4*l(w). What is the units digit of p(-7)?
3
Suppose 2*i - 189 = 3*b, -i + 485 = 4*i - 5*b. Let c = i + -52. Let x = c + -10. What is the units digit of x?
0
Let b = 16572 + 11958. What is the tens digit of b?
3
Let f = -806 - -1503. What is the tens digit of 2/(-8) + f/4?
7
Let i = -11966 - -19882. What is the thousands digit of i?
7
Let c be (2/(-2)*-1)/(2/762). Suppose z + c + 266 = 0. What is the ten